{"id":772,"date":"2025-07-31T16:09:37","date_gmt":"2025-07-31T16:09:37","guid":{"rendered":"https:\/\/sofiatools.com\/RevistaToolbar\/?post_type=product&#038;p=772"},"modified":"2025-08-02T18:20:27","modified_gmt":"2025-08-02T18:20:27","slug":"revista-julio-2025","status":"publish","type":"product","link":"https:\/\/revistatoolbar.com\/RevistaToolbar\/product\/revista-julio-2025\/","title":{"rendered":"Revista Julio 2025"},"content":{"rendered":"","protected":false},"excerpt":{"rendered":"<p class=\"cvGsUA direction-ltr align-justify para-style-body\"><span class=\"OYPEnA font-feature-liga-off font-feature-clig-off font-feature-calt-off text-decoration-none text-strikethrough-none\">Estamos siendo testigos de un momento hist\u00f3rico: la Inteligencia Artificial (IA) dej\u00f3 de ser una promesa lejana para convertirse en el motor que impulsa la innovaci\u00f3n en todos los rincones del mundo. Desde la computaci\u00f3n cl\u00e1sica, ahora potenciada por algoritmos de IA, hasta la exploraci\u00f3n de nuevas fronteras como la computaci\u00f3n cu\u00e1ntica, vivimos una revoluci\u00f3n que nos invita a imaginar m\u00e1s all\u00e1 de lo conocido. <\/span><span class=\"OYPEnA font-feature-liga-off font-feature-clig-off font-feature-calt-off text-decoration-none text-strikethrough-none\">La geometr\u00eda de la IA, con las distancias que gu\u00edan a los algoritmos en cada decisi\u00f3n, nos recuerda que incluso los c\u00e1lculos m\u00e1s abstractos tienen un impacto real en nuestras vidas. Y, tras bambalinas, C y C++ contin\u00faan siendo los h\u00e9roes silenciosos que sostienen esta maquinaria de aprendizaje y predicci\u00f3n.<\/span><\/p>\n<p class=\"cvGsUA direction-ltr align-justify para-style-body\"><span class=\"OYPEnA font-feature-liga-off font-feature-clig-off font-feature-calt-off text-decoration-none text-strikethrough-none\">Pero la ciencia tambi\u00e9n se atreve a mirar m\u00e1s profundo. Desde la resoluci\u00f3n de sistemas de ecuaciones HHL con redes tensoriales hasta la neurociencia cu\u00e1ntica, surgen preguntas que parecen de ciencia ficci\u00f3n: \u00bfpodr\u00edamos emular un cerebro humano en un ordenador? \u00bfY deber\u00edamos hacerlo? <\/span><span class=\"OYPEnA font-feature-liga-off font-feature-clig-off font-feature-calt-off text-decoration-none text-strikethrough-none\">En el \u00e1mbito empresarial, nuevas herramientas como Julius AI, el Canva del an\u00e1lisis de datos, facilitan el acceso a la IA, mientras distinguimos entre agentes conversacionales y agentes de flujo de trabajo, cada uno transformando la manera en que interactuamos y trabajamos.<\/span><\/p>\n<p class=\"cvGsUA direction-ltr align-justify para-style-body\"><span class=\"OYPEnA font-feature-liga-off font-feature-clig-off font-feature-calt-off text-decoration-none text-strikethrough-none\">Cerramos esta edici\u00f3n con nuestro Visionario del mes, Eduardo Riveros Quir\u00f3z, cuya visi\u00f3n nos recuerda que la verdadera innovaci\u00f3n nace cuando ciencia, creatividad y prop\u00f3sito humano se encuentran.<\/span><\/p>\n<p class=\"cvGsUA direction-ltr align-justify para-style-body\"><span class=\"OYPEnA font-feature-liga-off font-feature-clig-off font-feature-calt-off text-decoration-none text-strikethrough-none\">Porque el futuro no es un lugar al que llegamos: es algo que construimos, juntos, hoy.<\/span><\/p>\n","protected":false},"featured_media":781,"comment_status":"open","ping_status":"closed","template":"","meta":{"pagelayer_contact_templates":[],"_pagelayer_content":""},"product_brand":[],"product_cat":[39],"product_tag":[43],"class_list":{"0":"post-772","1":"product","2":"type-product","3":"status-publish","4":"has-post-thumbnail","6":"product_cat-revista","7":"product_tag-julio","9":"first","10":"instock","11":"sale","12":"downloadable","13":"virtual","14":"purchasable","15":"product-type-simple"},"jetpack_sharing_enabled":true,"_links":{"self":[{"href":"https:\/\/revistatoolbar.com\/RevistaToolbar\/wp-json\/wp\/v2\/product\/772","targetHints":{"allow":["GET"]}}],"collection":[{"href":"https:\/\/revistatoolbar.com\/RevistaToolbar\/wp-json\/wp\/v2\/product"}],"about":[{"href":"https:\/\/revistatoolbar.com\/RevistaToolbar\/wp-json\/wp\/v2\/types\/product"}],"replies":[{"embeddable":true,"href":"https:\/\/revistatoolbar.com\/RevistaToolbar\/wp-json\/wp\/v2\/comments?post=772"}],"wp:featuredmedia":[{"embeddable":true,"href":"https:\/\/revistatoolbar.com\/RevistaToolbar\/wp-json\/wp\/v2\/media\/781"}],"wp:attachment":[{"href":"https:\/\/revistatoolbar.com\/RevistaToolbar\/wp-json\/wp\/v2\/media?parent=772"}],"wp:term":[{"taxonomy":"product_brand","embeddable":true,"href":"https:\/\/revistatoolbar.com\/RevistaToolbar\/wp-json\/wp\/v2\/product_brand?post=772"},{"taxonomy":"product_cat","embeddable":true,"href":"https:\/\/revistatoolbar.com\/RevistaToolbar\/wp-json\/wp\/v2\/product_cat?post=772"},{"taxonomy":"product_tag","embeddable":true,"href":"https:\/\/revistatoolbar.com\/RevistaToolbar\/wp-json\/wp\/v2\/product_tag?post=772"}],"curies":[{"name":"wp","href":"https:\/\/api.w.org\/{rel}","templated":true}]}}