{"id":482,"date":"2025-02-28T17:31:43","date_gmt":"2025-02-28T17:31:43","guid":{"rendered":"https:\/\/sofiatools.com\/RevistaToolbar\/?post_type=product&#038;p=482"},"modified":"2025-02-28T17:32:55","modified_gmt":"2025-02-28T17:32:55","slug":"revista-febrero-2025","status":"publish","type":"product","link":"https:\/\/revistatoolbar.com\/RevistaToolbar\/product\/revista-febrero-2025\/","title":{"rendered":"Revista Febrero 2025"},"content":{"rendered":"","protected":false},"excerpt":{"rendered":"<p>La inteligencia artificial y la computaci\u00f3n cu\u00e1ntica avanzan r\u00e1pidamente, enfrentando desaf\u00edos como la AGI y la optimizaci\u00f3n de modelos. En computaci\u00f3n cu\u00e1ntica, los Barren Plateaus complican la escalabilidad, pero t\u00e9cnicas como los or\u00e1culos cu\u00e1nticos y la reducci\u00f3n de dimensionalidad ofrecen soluciones. Tambi\u00e9n exploramos el futuro del Metaverso y el impacto del sampling en modelos de lenguaje. Finalmente, presentamos al Ing. Jer\u00f3nimo Molina, un referente en IA y tecnolog\u00eda.<\/p>\n","protected":false},"featured_media":483,"comment_status":"open","ping_status":"closed","template":"","meta":{"pagelayer_contact_templates":[],"_pagelayer_content":""},"product_brand":[],"product_cat":[39],"product_tag":[47],"class_list":{"0":"post-482","1":"product","2":"type-product","3":"status-publish","4":"has-post-thumbnail","6":"product_cat-revista","7":"product_tag-febrero","9":"first","10":"instock","11":"sale","12":"downloadable","13":"virtual","14":"purchasable","15":"product-type-simple"},"jetpack_sharing_enabled":true,"_links":{"self":[{"href":"https:\/\/revistatoolbar.com\/RevistaToolbar\/wp-json\/wp\/v2\/product\/482","targetHints":{"allow":["GET"]}}],"collection":[{"href":"https:\/\/revistatoolbar.com\/RevistaToolbar\/wp-json\/wp\/v2\/product"}],"about":[{"href":"https:\/\/revistatoolbar.com\/RevistaToolbar\/wp-json\/wp\/v2\/types\/product"}],"replies":[{"embeddable":true,"href":"https:\/\/revistatoolbar.com\/RevistaToolbar\/wp-json\/wp\/v2\/comments?post=482"}],"wp:featuredmedia":[{"embeddable":true,"href":"https:\/\/revistatoolbar.com\/RevistaToolbar\/wp-json\/wp\/v2\/media\/483"}],"wp:attachment":[{"href":"https:\/\/revistatoolbar.com\/RevistaToolbar\/wp-json\/wp\/v2\/media?parent=482"}],"wp:term":[{"taxonomy":"product_brand","embeddable":true,"href":"https:\/\/revistatoolbar.com\/RevistaToolbar\/wp-json\/wp\/v2\/product_brand?post=482"},{"taxonomy":"product_cat","embeddable":true,"href":"https:\/\/revistatoolbar.com\/RevistaToolbar\/wp-json\/wp\/v2\/product_cat?post=482"},{"taxonomy":"product_tag","embeddable":true,"href":"https:\/\/revistatoolbar.com\/RevistaToolbar\/wp-json\/wp\/v2\/product_tag?post=482"}],"curies":[{"name":"wp","href":"https:\/\/api.w.org\/{rel}","templated":true}]}}